e 16.
-5e8
Convert -30123333 (base 4) to base 3.
-2120212210
What is -1aa (base 12) in base 6?
-1134
What is 12 (base 11) in base 5?
23
Convert 1652 (base 7) to base 16.
2a2
Convert -11000100111 (base 2) to base 4.
-120213
Convert 10011010101000 (base 2) to base 7.
40565
Convert -11022 (base 3) to base 15.
-7b
What is 122202212 (base 3) in base 10?
12956
Convert -33b0 (base 12) to base 6.
-42340
What is 807 (base 14) in base 3?
2011100
What is -3825 (base 13) in base 6?
-100530
Convert -19412 (base 11) to base 16.
-69ed
What is 2004 (base 6) in base 2?
110110100
What is -6e8 (base 15) in base 2?
-11000100000
-34a7 (base 12) to base 5
-142022
Convert 25a (base 15) to base 11.
447
What is -21122 (base 6) in base 4?
-230222
What is 48a (base 13) in base 3?
1002021
What is 11000 (base 3) in base 2?
1101100
50368 (base 9) to base 10
33110
-111000000101 (base 2) to base 10
-3589
Convert 10210011 (base 3) to base 9.
3704
-d733 (base 16) to base 8
-153463
What is 101100010 (base 3) in base 9?
11303
What is 221110 (base 3) in base 11?
575
6787 (base 12) to base 13
52c0
What is -1b8 (base 15) in base 5?
-3043
17a5 (base 16) to base 14
22c5
What is -20100 (base 3) in base 7?
-333
What is 482 (base 10) in base 14?
266
Convert 4597 (base 10) to base 15.
1567
132 (base 5) to base 8
52
What is -10756 (base 10) in base 13?
-4b85
What is 3ea (base 16) in base 15?
46c
17530 (base 11) to base 2
110000000010100
-1111000101 (base 2) to base 3
-1022202
2da0 (base 14) to base 13
394c
12331320 (base 4) to base 7
146124
3a85 (base 14) to base 8
24105
1100110001000 (base 2) to base 9
8862
What is -110233 (base 5) in base 10?
-3818
101011000 (base 2) to base 13
206
-3fa (base 16) to base 14
-52a
Convert 29b (base 12) to base 2.
110010111
Convert -246 (base 9) to base 10.
-204
-954 (base 11) to base 12
-7b8
Convert -319 (base 10) to base 13.
-1b7
Convert -1100212 (base 3) to base 4.
-33203
Convert 65605 (base 7) to base 14.
5dac
-11110 (base 4) to base 16
-154
-10000111001110 (base 2) to base 8
-20716
Convert 41102 (base 5) to base 6.
20140
What is -6663 (base 15) in base 2?
-101010010111101
3435 (base 14) to base 13
4182
-106 (base 12) to base 15
-a0
Convert 102210 (base 5) to base 12.
1b9a
What is c76 (base 13) in base 12?
1291
What is -111011010010 (base 2) in base 14?
-1550
1221201021 (base 3) to base 13
14650
Convert 1110 (base 8) to base 15.
28e
Convert -199 (base 15) to base 3.
-111200
Convert 17804 (base 13) to base 11.
31039
42430 (base 7) to base 11
7992
What is -98 (base 10) in base 8?
-142
Convert 215 (base 13) to base 7.
1016
What is 1ba (base 13) in base 15?
167
Convert 266 (base 12) to base 6.
1410
Convert 2023 (base 14) to base 7.
22043
Convert -a8a5 (base 14) to base 13.
-10367
-2dd0 (base 15) to base 13
-4653
1210 (base 4) to base 8
144
-56 (base 12) to base 11
-60
1131333 (base 4) to base 16
177f
-13133 (base 6) to base 5
-31001
What is -2534 (base 8) in base 5?
-20442
-122210201 (base 3) to base 16
-32b3
Convert -1150445 (base 6) to base 9.
-102712
6153 (base 8) to base 11
2430
Convert 17502 (base 8) to base 2.
1111101000010
What is 12631 (base 7) in base 2?
110101001011
3117 (base 8) to base 9
2184
What is 1220 (base 7) in base 3?
121212
Convert 459 (base 11) to base 8.
1044
-30132 (base 7) to base 10
-7275
What is -19d (base 15) in base 14?
-1c9
Convert 135 (base 11) to base 6.
423
What is -1a50 (base 13) in base 11?
-2a73
11100 (base 3) to base 14
85
What is 5cd (base 15) in base 8?
2446
What is 3232 (base 5) in base 7?
1201
Convert 203530 (base 6) to base 11.
11358
Convert -2530 (base 10) to base 2.
-100111100010
214 (base 7) to base 3
11001
Convert -738 (base 15) to base 7.
-4514
-172a (base 11) to base 15
-9c5
What is 30715 (base 12) in base 8?
173401
What is 79ab (base 14) in base 6?
241443
-33430 (base 6) to base 3
-20110000
What is -2a4 (base 12) in base 16?
-19c
-241 (base 14) to base 12
-315
-10000110 (base 2) to base 15
-8e
-12495 (base 10) to base 3
-122010210
What is 294 (base 13) in base 14?
24b
What is -4254 (base 11) in base 7?
-22254
What is -151323 (base 7) in base 11?
-20034
-10678 (base 11) to base 13
-7058
Convert -5399 (base 13) to base 6.
-125442
-836 (base 14) to base 13
-974
Convert ec7d (base 15) to base 7.
265654
287 (base 14) to base 11
425
Convert -112102 (base 5) to base 9.
-5464
Convert -11322211 (base 4) to base 11.
-17227
Convert -6571 (base 11) to base 5.
-234134
-10000110100001 (base 2) to base 3
-102210212
Convert -143432 (base 6) to base 7.
-55103
Convert -10000002220 (base 3) to base 9.
-100086
What is 32013 (base 4) in base 16?
387
44335 (base 6) to base 7
24005
What is 101403 (base 6) in base 14?
2d75
What is -288 (base 15) in base 14?
-2d4
-6a8 (base 11) to base 8
-1514
-1111 (base 3) to base 2
-101000
-1111110001 (base 2) to base 13
-5c8
1760 (base 12) to base 6
21000
Convert -1000011111111110 (base 2) to base 11.
-2417a
1000100101110 (base 2) to base 9
6026
182 (base 13) to base 6
1135
What is -16020 (base 8) in base 5?
-212214
What is -153511 (base 6) in base 11?
-1037a
What is 1011313 (base 5) in base 11?
11402
Convert 96f (base 16) to base 9.
3273
Convert 99c0 (base 15) to base 6.
410500
-37c (base 15) to base 8
-1430
849 (base 10) to base 6
3533
What is -45314 (base 7) in base 8?
-26325
What is -31364 (base 8) in base 12?
-7670
-4233 (base 5) to base 11
-477
What is -101000111110100 (base 2) in base 16?
-51f4
20212210 (base 3) to base 13
238b
Convert 535 (base 8) to base 9.
427
Convert -103373 (base 8) to base 10.
-34555
What is -31148 (base 10) in base 16?
-79ac
What is 1011001011111111 (base 2) in base 7?
250411
-103442 (base 7) to base 8
-43216
-ac7 (base 13) to base 10
-1853
What is -2226 (base 9) in base 11?
-1265
What is 50305 (base 9) in base 12?
17165
What is 10000010000100000 (base 2) in base 14?
1a3a8
-3432 (base 9) to base 10
-2540
Convert 44366 (base 9) to base 2.
111001100010111
-93 (base 14) to base 9
-153
What is -13a0 (base 14) in base 15?
-1067
15736 (base 9) to base 14
3d1c
What is -1214 (base 9) in base 5?
-12104
What is 5ad (base 14) in base 16?
46d
Convert -42 (base 9) to base 14.
-2a
Convert -46c (base 14) to base 9.
-1177
10000101010 (base 2) to base 16
42a
-2203 (base 7) to base 10
-787
-1564 (base 10) to base 13
-934
Convert 75214 (base 8) to base 12.
161a4
What is 4ba1 (base 13) in base 12?
62a2
What is 243 (base 13) in base 3?
112120
What is -10001010100110111 (base 2) in base 12?
-3509b
What is -9dd (base 14) in base 16?
-7a7
What is -5933 (base 14) in base 10?
-15529
Convert 52a (base 16) to base 15.
5d2
What is 20c (base 13) in base 9?
428
-3556 (base 8) to base 10
-1902
-125 (base 14) to base 3
-22111
123014 (base 6) to base 13
5032
-23e7 (base 15) to base 16
-1dda
What is -120065 (base 8) in base 12?
-1b899
-11101 (base 5) to base 11
-646
1772 (base 8) to base 2
1111111010
What is 10100010010100011 (base 2) in base 5?
10124412
Convert 22000121 (base 3) to base 2.
1011011011000
Convert 5329 (base 11) to base 10.
7049
What is 2da0 (base 16) in base 13?
5416
131040 (base 6) to base 3
121022220
What is 45045 (base 8) in base 11?
13296
What is -3020b (base 12) in base 5?
-4000012
What is 101111010010 (base 2) in base 6?
22002
What is -2ab (base 15) in base 9?
-748
What is 1d5 (base 15) in base 16?
1a9
What is -2051 (base 7) in base 5?
-10342
Convert -3520 (base 15) to base 6.
-124120
What is 33231 (base 6) in base 16?
1213
What is 10011000001011100 (base 2) in base 5?
4443131
Convert 1211002 (base 3) to base 4.
110231
-a084 (base 16) to base 14
-10d92
Convert 5dd (base 16) to base 8.
2735
What is -22122 (base 4) in base 5?
-10131
Convert 10141 (base 6) to base 14.
6cd
Convert -7bb (base 12) to base 14.
-5c3
Convert -22213 (base 4) to base 16.
-2a7
-22331 (base 4) to base 3
-221222
What is 200 (base 13) in base 9?
415
What is -bcd (base 14) in base 11?
-1835
What is -9c0a (base 14) in base 9?
-41104
-73c5 (base 15) to base 8
-57645
-621 (base 8) to base 4
-12101
What is -a70 (base 14) in base 6?
-13310
Convert -7841 (base 9) to base 16.
-169c
Convert 134330 (base 5) to base 9.
7601
Convert 58 (base 11) to base 14.
47
Convert 102320 (base 5) to base 10.
3460
Convert 1b (base 14) to base 9.
27
Convert 123 (base 10) to base 9.
146
-12322 (base 4) to base 15
-1e7
What is 308 (b